git of 18054643?
4
What is the hundred thousands digit of 200295?
2
What is the hundreds digit of 79007?
0
What is the millions digit of 4134921?
4
What is the ten thousands digit of 361944?
6
What is the ten thousands digit of 204730?
0
What is the hundreds digit of 6756167?
1
What is the units digit of 137294?
4
What is the thousands digit of 304817?
4
What is the units digit of 290940?
0
What is the units digit of 410563?
3
What is the tens digit of 491228?
2
What is the units digit of 2812896?
6
What is the units digit of 604693?
3
What is the millions digit of 2539636?
2
What is the thousands digit of 15665970?
5
What is the tens digit of 246983?
8
What is the hundreds digit of 521737?
7
What is the tens digit of 1645055?
5
What is the units digit of 143770?
0
What is the hundreds digit of 2180592?
5
What is the tens digit of 256898?
9
What is the hundreds digit of 1031501?
5
What is the hundred thousands digit of 1012442?
0
What is the hundred thousands digit of 288100?
2
What is the millions digit of 6861008?
6
What is the ten thousands digit of 446809?
4
What is the hundreds digit of 8655832?
8
What is the thousands digit of 6933?
6
What is the hundred thousands digit of 303701?
3
What is the tens digit of 245328?
2
What is the hundred thousands digit of 7312020?
3
What is the thousands digit of 16039041?
9
What is the tens digit of 95280?
8
What is the hundred thousands digit of 283441?
2
What is the thousands digit of 753132?
3
What is the hundreds digit of 146115?
1
What is the hundred thousands digit of 193230?
1
What is the tens digit of 434334?
3
What is the units digit of 11261720?
0
What is the thousands digit of 1248051?
8
What is the thousands digit of 1896794?
6
What is the units digit of 6867429?
9
What is the hundred thousands digit of 5877141?
8
What is the thousands digit of 5891184?
1
What is the units digit of 3772128?
8
What is the millions digit of 3326539?
3
What is the hundreds digit of 623778?
7
What is the hundreds digit of 787941?
9
What is the ten thousands digit of 82319?
8
What is the hundred thousands digit of 148014?
1
What is the millions digit of 4859921?
4
What is the hundreds digit of 679065?
0
What is the millions digit of 1348910?
1
What is the hundreds digit of 1748917?
9
What is the units digit of 153170?
0
What is the tens digit of 6865412?
1
What is the tens digit of 7283858?
5
What is the hundred thousands digit of 3589761?
5
What is the ten millions digit of 11617999?
1
What is the thousands digit of 1569910?
9
What is the hundreds digit of 12503437?
4
What is the thousands digit of 2076532?
6
What is the ten thousands digit of 17643626?
4
What is the ten thousands digit of 1811410?
1
What is the hundreds digit of 26460066?
0
What is the hundreds digit of 117210?
2
What is the ten thousands digit of 11003818?
0
What is the thousands digit of 80442?
0
What is the ten thousands digit of 14382070?
8
What is the ten thousands digit of 9816715?
1
What is the hundreds digit of 6212761?
7
What is the ten thousands digit of 1076386?
7
What is the thousands digit of 211074?
1
What is the units digit of 1019438?
8
What is the thousands digit of 191196?
1
What is the ten thousands digit of 3630936?
3
What is the ten thousands digit of 3345741?
4
What is the units digit of 25322?
2
What is the hundred thousands digit of 1390174?
3
What is the hundreds digit of 13249250?
2
What is the millions digit of 33557768?
3
What is the thousands digit of 716244?
6
What is the ten thousands digit of 552834?
5
What is the hundred thousands digit of 1508697?
5
What is the units digit of 3863571?
1
What is the ten thousands digit of 744474?
4
What is the ten thousands digit of 112313?
1
What is the hundreds digit of 990767?
7
What is the tens digit of 4413134?
3
What is the thousands digit of 4509303?
9
What is the units digit of 960100?
0
What is the hundred thousands digit of 346727?
3
What is the millions digit of 6476775?
6
What is the millions digit of 4759252?
4
What is the hundred thousands digit of 7854390?
8
What is the thousands digit of 6381902?
1
What is the hundreds digit of 16930906?
9
What is the ten thousands digit of 149857?
4
What is the thousands digit of 1606885?
6
What is the hundred thousands digit of 1846334?
8
What is the thousands digit of 219805?
9
What is the units digit of 395500?
0
What is the units digit of 913608?
8
What is the thousands digit of 6892?
6
What is the ten millions digit of 11374754?
1
What is the units digit of 290103?
3
What is the ten thousands digit of 1105629?
0
What is the thousands digit of 396238?
6
What is the tens digit of 35858?
5
What is the ten thousands digit of 3302475?
0
What is the tens digit of 782782?
8
What is the units digit of 215620?
0
What is the tens digit of 57845?
4
What is the hundred thousands digit of 252266?
2
What is the hundreds digit of 435366?
3
What is the hundreds digit of 5876597?
5
What is the hundreds digit of 384630?
6
What is the millions digit of 24656519?
4
What is the thousands digit of 5644098?
4
What is the hundreds digit of 232818?
8
What is the units digit of 306421?
1
What is the tens digit of 4144221?
2
What is the hundreds digit of 6380110?
1
What is the hundreds digit of 872679?
6
What is the units digit of 87303?
3
What is the tens digit of 641063?
6
What is the tens digit of 7464160?
6
What is the hundreds digit of 643844?
8
What is the hundred thousands digit of 2535294?
5
What is the hundred thousands digit of 5696443?
6
What is the tens digit of 3575317?
1
What is the hundred thousands digit of 290500?
2
What is the hundreds digit of 9019260?
2
What is the ten thousands digit of 648423?
4
What is the thousands digit of 21230?
1
What is the ten thousands digit of 70495?
7
What is the millions digit of 15642753?
5
What is the ten thousands digit of 18679642?
7
What is the hundreds digit of 78592?
5
What is the hundred thousands digit of 484544?
4
What is the ten thousands digit of 6877561?
7
What is the units digit of 3697282?
2
What is the hundreds digit of 4314689?
6
What is the units digit of 3308713?
3
What is the hundreds digit of 2082126?
1
What is the tens digit of 3750038?
3
What is the units digit of 175730?
0
What is the ten thousands digit of 367110?
6
What is the thousands digit of 7683266?
3
What is the units digit of 643394?
4
What is the tens digit of 4128169?
6
What is the tens digit of 161307?
0
What is the ten thousands digit of 243085?
4
What is the tens digit of 6110720?
2
What is the hundred thousands digit of 7895758?
8
What is the thousands digit of 191524?
1
What is the ten thousands digit of 7019897?
1
What is the thousands digit of 77782?
7
What is the hundred thousands digit of 941083?
9
What is the hundred thousands digit of 4800910?
8
What is the ten thousands digit of 795328?
9
What is the tens digit of 2781676?
7
What is the millions digit of 8024298?
8
What is the thousands digit of 6550267?
0
What is the thousands digit of 1316611?
6
What is the ten millions digit of 20823482?
2
What is the hundreds digit of 1873734?
7
What is the units digit of 116438?
8
What is the units digit of 2310805?
5
What is the units digit of 988419?
9
What is the hundred thousands digit of 304452?
3
What is the ten thousands digit of 286883?
8
What is the ten thousands digit of 1087312?
8
What is the thousands digit of 10109157?
9
What is the tens digit of 30620496?
9
What is the thousands digit of 2211785?
1
What is the hundred thousands digit of 879839?
8
What is the thousands digit of 595969?
5
What is the hundreds digit of 691229?
2
What is the units digit of 4389799?
9
What is the hundreds digit of 563942?
9
What is the thousands digit of 41748?
1
What is the hundred thousands digit of 787591?
7
What is the units digit of 1294920?
0
What is the hundreds digit of 18388136?
1
What is the hundred thousands digit of 2953020?
9
What is the ten thousands digit of 55441?
5
What is the hundreds digit of 310007?
0
What is the hundreds digit of 200308?
3
What is the tens digit of 544751?
5
What is the ten thousands digit of 5518987?
1
What is the hundreds digit of 1917125?
1
What is the ten thousands digit of 325102?
2
What is the units digit of 94163?
3
What is the hundred thousands digit of 140073?
1
What is th